{"id":10470,"date":"2019-11-21T14:52:32","date_gmt":"2019-11-21T13:52:32","guid":{"rendered":"https:\/\/www.aligro.ch\/pages\/?page_id=10470"},"modified":"2026-01-15T08:43:38","modified_gmt":"2026-01-15T07:43:38","slug":"weinkeller","status":"publish","type":"page","link":"https:\/\/www.aligro.ch\/pages\/de\/sortiment\/weine-und-getraenke\/weinkeller\/","title":{"rendered":"Weine und Schaumweine"},"content":{"rendered":"<div class=\"wpb-content-wrapper\"><p>[vc_row][vc_column][vc_column_text css=\u00a0\u00bb\u00a0\u00bb]Unser Weinkeller umfasst \u00fcber 1000 Weiss-, Ros\u00e9- und Rotweine, aus der Schweiz, Italien, Frankreich, Portugal, Spanien und aus aller Welt. Wir bieten zudem fast 200 Champagner und Schaumweine an, erh\u00e4ltlich im Karton oder einzeln, sowie rund 700 Spirituosen.<\/p>\n<p><a href=\"https:\/\/www.aligro.ch\/de\/aktionen\/1710-rotwein-aus-der-schweiz\">Rotwein aus der Schweiz<\/a><br \/>\n<a href=\"https:\/\/www.aligro.ch\/de\/aktionen\/1711-rotwein-auslandisch\">Rotwein ausl\u00e4ndisch<\/a><br \/>\n<a href=\"https:\/\/www.aligro.ch\/de\/aktionen\/1712-weisswein-aus-der-schweiz\">Weisswein aus der Schweiz<\/a><br \/>\n<a href=\"https:\/\/www.aligro.ch\/de\/aktionen\/1713-weisswein-auslandisch\">Weisswein ausl\u00e4ndisch<\/a><br \/>\n<a href=\"https:\/\/www.aligro.ch\/de\/aktionen\/1714-rosewein-aus-der-schweiz\">Ros\u00e9wein aus der Schweiz<\/a><br \/>\n<a href=\"https:\/\/www.aligro.ch\/de\/aktionen\/1715-rosewein-auslandisch\">Ros\u00e9wein ausl\u00e4ndisch<\/a><br \/>\n<a href=\"https:\/\/www.aligro.ch\/de\/aktionen\/1716-andere-weine\">Andere Weine<\/a><br \/>\n<a href=\"https:\/\/www.aligro.ch\/de\/aktionen\/1717-champagner-schaumwein\">Champagner, Schaumwein<\/a><br \/>\n<a href=\"https:\/\/www.aligro.ch\/de\/aktionen\/1718-alkoholfreier-wein-und-schaumwein\">Alkoholfreier Wein und Schaumwein<\/a>[\/vc_column_text][vc_column_text css=\u00a0\u00bb\u00a0\u00bb el_class=\u00a0\u00bbgreyBoxCategory\u00a0\u00bb]<\/p>\n<h2>Entdecken Sie unsere Aktionen im Bereich Weine und Schaumweine<\/h2>\n<p><a class=\"btn btn-primary btn-large\" style=\"margin-top: 2em; border-radius: 25px; font-weight: normal; font-size: .8em; padding: .75em 1.5em; letter-spacing: normal;\" href=\"https:\/\/www.aligro.ch\/de\/aktionen\/17-weine-schaumweine\">AKTIONEN ANZEIGEN<\/a>[\/vc_column_text][\/vc_column][\/vc_row]<\/p>\n<\/div>","protected":false},"excerpt":{"rendered":"<p>[vc_row][vc_column][vc_column_text css=\u00a0\u00bb\u00a0\u00bb]Unser Weinkeller umfasst \u00fcber 1000 Weiss-, Ros\u00e9- und Rotweine, aus der Schweiz, Italien, Frankreich, Portugal, Spanien und<a class=\"moretag\" href=\"https:\/\/www.aligro.ch\/pages\/de\/sortiment\/weine-und-getraenke\/weinkeller\/\"> &#8230;<\/a><\/p>\n","protected":false},"author":9,"featured_media":2884,"parent":610,"menu_order":11,"comment_status":"closed","ping_status":"closed","template":"","meta":{"_acf_changed":false,"footnotes":""},"class_list":["post-10470","page","type-page","status-publish","has-post-thumbnail","hentry"],"acf":[],"yoast_head":"<!-- This site is optimized with the Yoast SEO plugin v27.5 - https:\/\/yoast.com\/product\/yoast-seo-wordpress\/ -->\n<title>Weine und Schaumweine - ALIGRO<\/title>\n<meta name=\"description\" content=\"Pers\u00f6nliche Beratung zu Weinen aus der Schweiz und aller Welt: ALIGRO\u2019s Weinkeller verf\u00fcgt \u00fcber mehr als 1300 Weiss-, Ros\u00e9-, Rotweine und Champagner, die ein komplettes und hochwertiges Sortiment bilden.\" \/>\n<meta name=\"robots\" content=\"index, follow, max-snippet:-1, max-image-preview:large, max-video-preview:-1\" \/>\n<link rel=\"canonical\" href=\"https:\/\/www.aligro.ch\/pages\/de\/sortiment\/weine-und-getraenke\/weinkeller\/\" \/>\n<meta property=\"og:locale\" content=\"fr_FR\" \/>\n<meta property=\"og:type\" content=\"article\" \/>\n<meta property=\"og:title\" content=\"Weine und Schaumweine - ALIGRO\" \/>\n<meta property=\"og:description\" content=\"Pers\u00f6nliche Beratung zu Weinen aus der Schweiz und aller Welt: ALIGRO\u2019s Weinkeller verf\u00fcgt \u00fcber mehr als 1300 Weiss-, Ros\u00e9-, Rotweine und Champagner, die ein komplettes und hochwertiges Sortiment bilden.\" \/>\n<meta property=\"og:url\" content=\"https:\/\/www.aligro.ch\/pages\/de\/sortiment\/weine-und-getraenke\/weinkeller\/\" \/>\n<meta property=\"og:site_name\" content=\"ALIGRO\" \/>\n<meta property=\"article:publisher\" content=\"https:\/\/fb.com\/aligrosuisse\" \/>\n<meta property=\"article:modified_time\" content=\"2026-01-15T07:43:38+00:00\" \/>\n<meta property=\"og:image\" content=\"https:\/\/www.aligro.ch\/pages\/wp-content\/uploads\/2018\/07\/Vins05-1280x842px-1.jpg\" \/>\n\t<meta property=\"og:image:width\" content=\"1280\" \/>\n\t<meta property=\"og:image:height\" content=\"842\" \/>\n\t<meta property=\"og:image:type\" content=\"image\/jpeg\" \/>\n<meta name=\"twitter:card\" content=\"summary_large_image\" \/>\n<meta name=\"twitter:label1\" content=\"Dur\u00e9e de lecture estim\u00e9e\" \/>\n\t<meta name=\"twitter:data1\" content=\"1 minute\" \/>\n<script type=\"application\/ld+json\" class=\"yoast-schema-graph\">{\"@context\":\"https:\\\/\\\/schema.org\",\"@graph\":[{\"@type\":\"WebPage\",\"@id\":\"https:\\\/\\\/www.aligro.ch\\\/pages\\\/de\\\/sortiment\\\/weine-und-getraenke\\\/weinkeller\\\/\",\"url\":\"https:\\\/\\\/www.aligro.ch\\\/pages\\\/de\\\/sortiment\\\/weine-und-getraenke\\\/weinkeller\\\/\",\"name\":\"Weine und Schaumweine - ALIGRO\",\"isPartOf\":{\"@id\":\"https:\\\/\\\/www.aligro.ch\\\/pages\\\/#website\"},\"primaryImageOfPage\":{\"@id\":\"https:\\\/\\\/www.aligro.ch\\\/pages\\\/de\\\/sortiment\\\/weine-und-getraenke\\\/weinkeller\\\/#primaryimage\"},\"image\":{\"@id\":\"https:\\\/\\\/www.aligro.ch\\\/pages\\\/de\\\/sortiment\\\/weine-und-getraenke\\\/weinkeller\\\/#primaryimage\"},\"thumbnailUrl\":\"https:\\\/\\\/www.aligro.ch\\\/pages\\\/wp-content\\\/uploads\\\/2018\\\/07\\\/Vins05-1280x842px-1.jpg\",\"datePublished\":\"2019-11-21T13:52:32+00:00\",\"dateModified\":\"2026-01-15T07:43:38+00:00\",\"description\":\"Pers\u00f6nliche Beratung zu Weinen aus der Schweiz und aller Welt: ALIGRO\u2019s Weinkeller verf\u00fcgt \u00fcber mehr als 1300 Weiss-, Ros\u00e9-, Rotweine und Champagner, die ein komplettes und hochwertiges Sortiment bilden.\",\"breadcrumb\":{\"@id\":\"https:\\\/\\\/www.aligro.ch\\\/pages\\\/de\\\/sortiment\\\/weine-und-getraenke\\\/weinkeller\\\/#breadcrumb\"},\"inLanguage\":\"fr-FR\",\"potentialAction\":[{\"@type\":\"ReadAction\",\"target\":[\"https:\\\/\\\/www.aligro.ch\\\/pages\\\/de\\\/sortiment\\\/weine-und-getraenke\\\/weinkeller\\\/\"]}]},{\"@type\":\"ImageObject\",\"inLanguage\":\"fr-FR\",\"@id\":\"https:\\\/\\\/www.aligro.ch\\\/pages\\\/de\\\/sortiment\\\/weine-und-getraenke\\\/weinkeller\\\/#primaryimage\",\"url\":\"https:\\\/\\\/www.aligro.ch\\\/pages\\\/wp-content\\\/uploads\\\/2018\\\/07\\\/Vins05-1280x842px-1.jpg\",\"contentUrl\":\"https:\\\/\\\/www.aligro.ch\\\/pages\\\/wp-content\\\/uploads\\\/2018\\\/07\\\/Vins05-1280x842px-1.jpg\",\"width\":1280,\"height\":842,\"caption\":\"Weinkeller\"},{\"@type\":\"BreadcrumbList\",\"@id\":\"https:\\\/\\\/www.aligro.ch\\\/pages\\\/de\\\/sortiment\\\/weine-und-getraenke\\\/weinkeller\\\/#breadcrumb\",\"itemListElement\":[{\"@type\":\"ListItem\",\"position\":1,\"name\":\"Accueil\",\"item\":\"https:\\\/\\\/www.aligro.ch\\\/pages\\\/de\\\/aligro-academy\\\/\"},{\"@type\":\"ListItem\",\"position\":2,\"name\":\"SORTIMENT\",\"item\":\"https:\\\/\\\/www.aligro.ch\\\/pages\\\/de\\\/sortiment\\\/\"},{\"@type\":\"ListItem\",\"position\":3,\"name\":\"Weine und Getr\u00e4nke\",\"item\":\"https:\\\/\\\/www.aligro.ch\\\/pages\\\/de\\\/sortiment\\\/weine-und-getraenke\\\/\"},{\"@type\":\"ListItem\",\"position\":4,\"name\":\"Weine und Schaumweine\"}]},{\"@type\":\"WebSite\",\"@id\":\"https:\\\/\\\/www.aligro.ch\\\/pages\\\/#website\",\"url\":\"https:\\\/\\\/www.aligro.ch\\\/pages\\\/\",\"name\":\"ALIGRO\",\"description\":\"Fra\u00eecheur. Qualit\u00e9. Inspiration.\",\"publisher\":{\"@id\":\"https:\\\/\\\/www.aligro.ch\\\/pages\\\/#organization\"},\"potentialAction\":[{\"@type\":\"SearchAction\",\"target\":{\"@type\":\"EntryPoint\",\"urlTemplate\":\"https:\\\/\\\/www.aligro.ch\\\/pages\\\/?s={search_term_string}\"},\"query-input\":{\"@type\":\"PropertyValueSpecification\",\"valueRequired\":true,\"valueName\":\"search_term_string\"}}],\"inLanguage\":\"fr-FR\"},{\"@type\":\"Organization\",\"@id\":\"https:\\\/\\\/www.aligro.ch\\\/pages\\\/#organization\",\"name\":\"ALIGRO\",\"url\":\"https:\\\/\\\/www.aligro.ch\\\/pages\\\/\",\"logo\":{\"@type\":\"ImageObject\",\"inLanguage\":\"fr-FR\",\"@id\":\"https:\\\/\\\/www.aligro.ch\\\/pages\\\/#\\\/schema\\\/logo\\\/image\\\/\",\"url\":\"https:\\\/\\\/www.aligro.ch\\\/pages\\\/wp-content\\\/uploads\\\/2018\\\/10\\\/Logo@4x.png\",\"contentUrl\":\"https:\\\/\\\/www.aligro.ch\\\/pages\\\/wp-content\\\/uploads\\\/2018\\\/10\\\/Logo@4x.png\",\"width\":1831,\"height\":228,\"caption\":\"ALIGRO\"},\"image\":{\"@id\":\"https:\\\/\\\/www.aligro.ch\\\/pages\\\/#\\\/schema\\\/logo\\\/image\\\/\"},\"sameAs\":[\"https:\\\/\\\/fb.com\\\/aligrosuisse\"]}]}<\/script>\n<!-- \/ Yoast SEO plugin. -->","yoast_head_json":{"title":"Weine und Schaumweine - ALIGRO","description":"Pers\u00f6nliche Beratung zu Weinen aus der Schweiz und aller Welt: ALIGRO\u2019s Weinkeller verf\u00fcgt \u00fcber mehr als 1300 Weiss-, Ros\u00e9-, Rotweine und Champagner, die ein komplettes und hochwertiges Sortiment bilden.","robots":{"index":"index","follow":"follow","max-snippet":"max-snippet:-1","max-image-preview":"max-image-preview:large","max-video-preview":"max-video-preview:-1"},"canonical":"https:\/\/www.aligro.ch\/pages\/de\/sortiment\/weine-und-getraenke\/weinkeller\/","og_locale":"fr_FR","og_type":"article","og_title":"Weine und Schaumweine - ALIGRO","og_description":"Pers\u00f6nliche Beratung zu Weinen aus der Schweiz und aller Welt: ALIGRO\u2019s Weinkeller verf\u00fcgt \u00fcber mehr als 1300 Weiss-, Ros\u00e9-, Rotweine und Champagner, die ein komplettes und hochwertiges Sortiment bilden.","og_url":"https:\/\/www.aligro.ch\/pages\/de\/sortiment\/weine-und-getraenke\/weinkeller\/","og_site_name":"ALIGRO","article_publisher":"https:\/\/fb.com\/aligrosuisse","article_modified_time":"2026-01-15T07:43:38+00:00","og_image":[{"width":1280,"height":842,"url":"https:\/\/www.aligro.ch\/pages\/wp-content\/uploads\/2018\/07\/Vins05-1280x842px-1.jpg","type":"image\/jpeg"}],"twitter_card":"summary_large_image","twitter_misc":{"Dur\u00e9e de lecture estim\u00e9e":"1 minute"},"schema":{"@context":"https:\/\/schema.org","@graph":[{"@type":"WebPage","@id":"https:\/\/www.aligro.ch\/pages\/de\/sortiment\/weine-und-getraenke\/weinkeller\/","url":"https:\/\/www.aligro.ch\/pages\/de\/sortiment\/weine-und-getraenke\/weinkeller\/","name":"Weine und Schaumweine - ALIGRO","isPartOf":{"@id":"https:\/\/www.aligro.ch\/pages\/#website"},"primaryImageOfPage":{"@id":"https:\/\/www.aligro.ch\/pages\/de\/sortiment\/weine-und-getraenke\/weinkeller\/#primaryimage"},"image":{"@id":"https:\/\/www.aligro.ch\/pages\/de\/sortiment\/weine-und-getraenke\/weinkeller\/#primaryimage"},"thumbnailUrl":"https:\/\/www.aligro.ch\/pages\/wp-content\/uploads\/2018\/07\/Vins05-1280x842px-1.jpg","datePublished":"2019-11-21T13:52:32+00:00","dateModified":"2026-01-15T07:43:38+00:00","description":"Pers\u00f6nliche Beratung zu Weinen aus der Schweiz und aller Welt: ALIGRO\u2019s Weinkeller verf\u00fcgt \u00fcber mehr als 1300 Weiss-, Ros\u00e9-, Rotweine und Champagner, die ein komplettes und hochwertiges Sortiment bilden.","breadcrumb":{"@id":"https:\/\/www.aligro.ch\/pages\/de\/sortiment\/weine-und-getraenke\/weinkeller\/#breadcrumb"},"inLanguage":"fr-FR","potentialAction":[{"@type":"ReadAction","target":["https:\/\/www.aligro.ch\/pages\/de\/sortiment\/weine-und-getraenke\/weinkeller\/"]}]},{"@type":"ImageObject","inLanguage":"fr-FR","@id":"https:\/\/www.aligro.ch\/pages\/de\/sortiment\/weine-und-getraenke\/weinkeller\/#primaryimage","url":"https:\/\/www.aligro.ch\/pages\/wp-content\/uploads\/2018\/07\/Vins05-1280x842px-1.jpg","contentUrl":"https:\/\/www.aligro.ch\/pages\/wp-content\/uploads\/2018\/07\/Vins05-1280x842px-1.jpg","width":1280,"height":842,"caption":"Weinkeller"},{"@type":"BreadcrumbList","@id":"https:\/\/www.aligro.ch\/pages\/de\/sortiment\/weine-und-getraenke\/weinkeller\/#breadcrumb","itemListElement":[{"@type":"ListItem","position":1,"name":"Accueil","item":"https:\/\/www.aligro.ch\/pages\/de\/aligro-academy\/"},{"@type":"ListItem","position":2,"name":"SORTIMENT","item":"https:\/\/www.aligro.ch\/pages\/de\/sortiment\/"},{"@type":"ListItem","position":3,"name":"Weine und Getr\u00e4nke","item":"https:\/\/www.aligro.ch\/pages\/de\/sortiment\/weine-und-getraenke\/"},{"@type":"ListItem","position":4,"name":"Weine und Schaumweine"}]},{"@type":"WebSite","@id":"https:\/\/www.aligro.ch\/pages\/#website","url":"https:\/\/www.aligro.ch\/pages\/","name":"ALIGRO","description":"Fra\u00eecheur. Qualit\u00e9. Inspiration.","publisher":{"@id":"https:\/\/www.aligro.ch\/pages\/#organization"},"potentialAction":[{"@type":"SearchAction","target":{"@type":"EntryPoint","urlTemplate":"https:\/\/www.aligro.ch\/pages\/?s={search_term_string}"},"query-input":{"@type":"PropertyValueSpecification","valueRequired":true,"valueName":"search_term_string"}}],"inLanguage":"fr-FR"},{"@type":"Organization","@id":"https:\/\/www.aligro.ch\/pages\/#organization","name":"ALIGRO","url":"https:\/\/www.aligro.ch\/pages\/","logo":{"@type":"ImageObject","inLanguage":"fr-FR","@id":"https:\/\/www.aligro.ch\/pages\/#\/schema\/logo\/image\/","url":"https:\/\/www.aligro.ch\/pages\/wp-content\/uploads\/2018\/10\/Logo@4x.png","contentUrl":"https:\/\/www.aligro.ch\/pages\/wp-content\/uploads\/2018\/10\/Logo@4x.png","width":1831,"height":228,"caption":"ALIGRO"},"image":{"@id":"https:\/\/www.aligro.ch\/pages\/#\/schema\/logo\/image\/"},"sameAs":["https:\/\/fb.com\/aligrosuisse"]}]}},"_links":{"self":[{"href":"https:\/\/www.aligro.ch\/pages\/wp-json\/wp\/v2\/pages\/10470","targetHints":{"allow":["GET"]}}],"collection":[{"href":"https:\/\/www.aligro.ch\/pages\/wp-json\/wp\/v2\/pages"}],"about":[{"href":"https:\/\/www.aligro.ch\/pages\/wp-json\/wp\/v2\/types\/page"}],"author":[{"embeddable":true,"href":"https:\/\/www.aligro.ch\/pages\/wp-json\/wp\/v2\/users\/9"}],"replies":[{"embeddable":true,"href":"https:\/\/www.aligro.ch\/pages\/wp-json\/wp\/v2\/comments?post=10470"}],"version-history":[{"count":5,"href":"https:\/\/www.aligro.ch\/pages\/wp-json\/wp\/v2\/pages\/10470\/revisions"}],"predecessor-version":[{"id":101786,"href":"https:\/\/www.aligro.ch\/pages\/wp-json\/wp\/v2\/pages\/10470\/revisions\/101786"}],"up":[{"embeddable":true,"href":"https:\/\/www.aligro.ch\/pages\/wp-json\/wp\/v2\/pages\/610"}],"wp:featuredmedia":[{"embeddable":true,"href":"https:\/\/www.aligro.ch\/pages\/wp-json\/wp\/v2\/media\/2884"}],"wp:attachment":[{"href":"https:\/\/www.aligro.ch\/pages\/wp-json\/wp\/v2\/media?parent=10470"}],"curies":[{"name":"wp","href":"https:\/\/api.w.org\/{rel}","templated":true}]}}