{"version":"1.0","provider_name":"ALIGRO","provider_url":"https:\/\/www.aligro.ch\/pages","title":"Neubau ALIGRO Sargans steht prachtvoll da","type":"rich","width":600,"height":338,"html":"<blockquote class=\"wp-embedded-content\" data-secret=\"3atkgc7GJZ\"><a href=\"https:\/\/www.aligro.ch\/pages\/de\/news\/neubau-aligro-sargans-steht-prachtvoll-da\/\">Neubau ALIGRO Sargans steht prachtvoll da<\/a><\/blockquote><iframe sandbox=\"allow-scripts\" security=\"restricted\" src=\"https:\/\/www.aligro.ch\/pages\/de\/news\/neubau-aligro-sargans-steht-prachtvoll-da\/embed\/#?secret=3atkgc7GJZ\" width=\"600\" height=\"338\" title=\"\u00ab\u00a0Neubau ALIGRO Sargans steht prachtvoll da\u00a0\u00bb &#8212; ALIGRO\" data-secret=\"3atkgc7GJZ\" frameborder=\"0\" marginwidth=\"0\" marginheight=\"0\" scrolling=\"no\" class=\"wp-embedded-content\"><\/iframe><script type=\"text\/javascript\">\n\/* <![CDATA[ *\/\n\/*! This file is auto-generated *\/\n!function(d,l){\"use strict\";l.querySelector&&d.addEventListener&&\"undefined\"!=typeof URL&&(d.wp=d.wp||{},d.wp.receiveEmbedMessage||(d.wp.receiveEmbedMessage=function(e){var t=e.data;if((t||t.secret||t.message||t.value)&&!\/[^a-zA-Z0-9]\/.test(t.secret)){for(var s,r,n,a=l.querySelectorAll('iframe[data-secret=\"'+t.secret+'\"]'),o=l.querySelectorAll('blockquote[data-secret=\"'+t.secret+'\"]'),c=new RegExp(\"^https?:$\",\"i\"),i=0;i<o.length;i++)o[i].style.display=\"none\";for(i=0;i<a.length;i++)s=a[i],e.source===s.contentWindow&&(s.removeAttribute(\"style\"),\"height\"===t.message?(1e3<(r=parseInt(t.value,10))?r=1e3:~~r<200&&(r=200),s.height=r):\"link\"===t.message&&(r=new URL(s.getAttribute(\"src\")),n=new URL(t.value),c.test(n.protocol))&&n.host===r.host&&l.activeElement===s&&(d.top.location.href=t.value))}},d.addEventListener(\"message\",d.wp.receiveEmbedMessage,!1),l.addEventListener(\"DOMContentLoaded\",function(){for(var e,t,s=l.querySelectorAll(\"iframe.wp-embedded-content\"),r=0;r<s.length;r++)(t=(e=s[r]).getAttribute(\"data-secret\"))||(t=Math.random().toString(36).substring(2,12),e.src+=\"#?secret=\"+t,e.setAttribute(\"data-secret\",t)),e.contentWindow.postMessage({message:\"ready\",secret:t},\"*\")},!1)))}(window,document);\n\/\/# sourceURL=https:\/\/www.aligro.ch\/pages\/wp-includes\/js\/wp-embed.min.js\n\/* ]]> *\/\n<\/script>\n","thumbnail_url":"https:\/\/www.aligro.ch\/pages\/wp-content\/uploads\/2022\/09\/Facade-Neubau-2.jpg","thumbnail_width":1920,"thumbnail_height":1080,"description":"Der ALIGRO-Neubau steht und ist bereit! Nachdem die Kundinnen und Kunden seit anfangs M\u00e4rz ihre Eink\u00e4ufe im Provisorium in der lokalen Markthalle t\u00e4tigen durften, k\u00f6nnen sie ab 28. September das volle Angebot wieder am bisherigen Standort beziehen."}

Der ALIGRO-Neubau steht und ist bereit! Nachdem die Kundinnen und Kunden seit anfangs März ihre Einkäufe im Provisorium in der lokalen Markthalle tätigen durften, können sie ab 28. September das volle Angebot wieder am bisherigen Standort beziehen.
